f 9 and d?
9
Suppose 207 = 9*j - 8*j + 2*n, 2*j = -3*n + 414. Calculate the greatest common factor of j and 23.
23
Let h = 124 - -8. Let d = -150 - -162. Calculate the greatest common divisor of d and h.
12
Suppose 4*h + 2*r - 2 = 0, -3*h + 6 = 2*r + r. Let a be 10*3 + 0 - h. What is the highest common factor of a and 62?
31
Let q(p) = 8 + 4 - 9 - p. Let i be q(-9). What is the highest common factor of i and 12?
12
Suppose -27 = -7*a + 1. Suppose -j + 8 = 3*j. Suppose -j*l + 4*f + 16 = 0, 6 = 2*l - l - 3*f. Calculate the highest common factor of l and a.
4
Let h(k) = k + 14. Let f be h(-11). Suppose -2*l - n + 108 = f*n, 42 = l - 2*n. What is the highest common divisor of 24 and l?
24
Suppose 621 + 135 = 9*f. Calculate the greatest common divisor of 24 and f.
12
Let l(d) = 38*d + 247. Let w be l(39). Calculate the greatest common factor of 91 and w.
91
Let m = 0 + 22. Let c = 11 + -22. Let d(z) = z**2 + 13*z + 24. Let n be d(c). Calculate the highest common divisor of n and m.
2
Let o(m) = -3*m**3 - 4*m**2 - m. Let f be o(-3). Suppose 4*l + 4 = f. Let p be 1/2 + (-109)/(-2). What is the greatest common divisor of p and l?
11
Suppose 0*i - i + 29 = 0. Suppose 115 = 4*m - 0*r - 3*r, m - r - i = 0. What is the highest common factor of m and 196?
28
Let n(w) = -w**3 + 4*w**2 + 2*w + 1. Let o be n(4). Let c = 18 + -30. Let u be c/(-36) - (-376)/6. What is the greatest common divisor of o and u?
9
Suppose -2*y = -3*w - 207, -5*y + 2*y + w + 321 = 0. Calculate the highest common divisor of 12 and y.
12
Let x = -328 + 332. Calculate the highest common divisor of x and 772.
4
Let u(k) = 2*k**2 - 3*k - 5. Let z be u(4). Let q be (7/((-21)/(-9)))/((9/(-3))/(-3)). Calculate the highest common factor of z and q.
3
Let o = -420 - -530. What is the greatest common divisor of 40 and o?
10
Let q = -13 - -13. Suppose v = -q*v. Suppose 21 = -v*m + m. What is the highest common factor of m and 3?
3
Let o(b) = -22*b - 194. Let y be o(-10). What is the greatest common factor of y and 4?
2
Suppose -4*p - p + 2*z + 55 = 0, -22 = -2*p - 3*z. Suppose 7*c = p*c - 24. What is the highest common factor of 48 and c?
6
Let g(d) = d + 9. Let m be g(-11). Let z(b) = -b**2 - 2*b. Let f be z(m). Suppose f = 4*c - 2 - 18. Calculate the greatest common divisor of c and 15.
5
Let t be (-4*(-4)/(-32))/((-5)/250). Calculate the highest common factor of t and 65.
5
Suppose -71 + 11 = -5*v. Let u = 2 + v. Calculate the greatest common divisor of 77 and u.
7
Suppose -3*v - n - 5 = 0, v - 4*n = -v + 20. Let g be 10*(32/10 + v). Let k = -251 - -259. What is the greatest common divisor of g and k?
8
Let f be 14*2*7/(-28)*-2. Calculate the greatest common factor of f and 133.
7
Let h = 82 + -80. Suppose x - 2*c - 18 = -0*x, -h*x + 1 = 3*c. Calculate the greatest common divisor of x and 40.
8
Let q = -583 - -898. Calculate the greatest common divisor of 42 and q.
21
Let d(r) = -3*r**3 + 28*r**2 - 11*r - 8. Let t be d(8). What is the greatest common factor of 60 and t?
20
Let c(x) = 19*x - 224. Let r be c(17). What is the highest common factor of 27 and r?
9
Let q be 38/6 + (-3 - 16/(-6)). Suppose -9 = -7*l + 4*l. Calculate the highest common divisor of q and l.
3
Let u(t) = -t**2 - 81*t - 1468. Let p be u(-52). Let h(g) = 4*g**2 + 8*g - 7 - 2*g**2 - 3*g**2. Let w be h(5). Calculate the highest common factor of p and w.
8
Let v(g) be the first derivative of -g**4/4 - g**3 + 7*g**2/2 - 10*g + 6. Let t be v(-5). Let h = 59 + -14. What is the highest common divisor of t and h?
5
Let x be 12 - (-1 - 1)*2. Let u(d) = d**3 - 8*d**2 + 7*d - 3. Let g be u(7). Let j = g + x. Calculate the highest common divisor of j and 13.
13
Suppose 5*g - 3*r = 40, 29 = 4*g - 2*r - 3. Let n = 62 + -118. Let t be (-7 - 0)*n/7. Calculate the highest common factor of g and t.
8
Let u be (-1)/(-7) - ((-6856)/28)/1. What is the greatest common factor of 175 and u?
35
Suppose 3*k + 9 = v - 10, 5*k + 29 = -v. Let c(j) = -j - 8. Let l be c(k). Let t be 0 - l*(3 - -18). What is the greatest common factor of t and 14?
14
Let i = -11 - -6. Let f be (-2)/(4/i)*2. Suppose -m + f*u - 69 = -2*m, 0 = 5*m - 5*u - 225. Calculate the greatest common factor of 7 and m.
7
Suppose 2*j - 4*j = -6. Suppose 0 = -4*w + j*r + 274, 6*r = 5*w + 3*r - 344. Let g be (-171)/(-6) + (-2)/4. Calculate the greatest common factor of w and g.
14
Suppose -27*p = -137*p + 13200. What is the highest common factor of 75 and p?
15
Suppose 9 = -3*u + 4*u. Let q be (5/5)/((-2)/(-6)). What is the greatest common divisor of u and q?
3
Let n = -325 - -353. Let k(v) = -v**2 + 7. Let j be k(0). Calculate the greatest common divisor of n and j.
7
Suppose 3*y + o - 66 = -2*o, -25 = 5*o. Calculate the highest common divisor of y and 513.
27
Let w be (-4624)/(-40) + (-4)/(-10). Suppose 5*b + 46 = w. Let y(j) = 2*j**2 + j + 1. Let p be y(-2). Calculate the highest common divisor of b and p.
7
Suppose 12*q + 114 = 15*q. What is the greatest common divisor of q and 57?
19
Let s(y) = 229*y**2 + y + 10. Let h be s(-2). Calculate the highest common divisor of h and 84.
84
Let v(m) = m**2 - 6*m + 36. Let a be v(10). What is the greatest common divisor of a and 133?
19
Suppose -31*h + 1410 = 16*h. What is the highest common factor of 380 and h?
10
Let z(m) = 44*m**2 - 6*m + 13. Let k be z(4). Calculate the greatest common factor of k and 77.
77
Let f(b) = -b**2 + b + 6. Let y be f(0). Suppose -l + 4*h - 36 = 8*h, l + 33 = -3*h. Let m = 72 + l. What is the greatest common divisor of y and m?
6
Let j be (50 + -57)*(-16)/7. What is the greatest common divisor of 1 and j?
1
Suppose 0 = -4*h + 66 + 34. Suppose 0 = -3*g - 4 + h. Suppose 2*y + 70 = 4*y. What is the greatest common factor of g and y?
7
Let o = -770 - -781. Suppose -77 = b - 2*b. Calculate the greatest common factor of b and o.
11
Let x(q) = -8*q**3 + 3*q**2 + q + 3. Let m be x(-2). Let z be 54 + (-2 + 2)/(-1). Let u be z/8 - (-2)/8. Calculate the highest common divisor of u and m.
7
Let w(l) = 3*l**2 + 2*l + 2. Suppose 3 = -x, -8*y = -4*y + x + 11. Let b be w(y). What is the greatest common factor of b and 90?
10
Let l = 13 + -9. Let j(m) = m**2 - 5*m + 4. Let i be j(0). Calculate the highest common factor of i and l.
4
Let s = 90 - 34. Let m = 86 - s. Calculate the greatest common factor of m and 10.
10
Let z(q) = -3*q + 39. Let n be z(6). Let u be 1/((-6)/n)*180/(-105). Calculate the highest common divisor of 15 and u.
3
Suppose -4*w - w = 3*k - 171, -3*k + w = -189. Let o = k + -58. Calculate the greatest common divisor of 4 and o.
4
Suppose -17*a - 21 = -616. Suppose -p + 2*p - 5 = 0. Calculate the highest common divisor of p and a.
5
Suppose -f + 2 = -0*f. Suppose -20 = -f*v - 2*v. Suppose i = -2*m + 1 - 3, 11 = v*i + 3*m. Calculate the highest common divisor of i and 12.
4
Suppose 20 = 2*k + 3*k. Suppose 2 = t, 3*v - t - 318 = -k*t. Let p = 24 + -11. Calculate the highest common divisor of v and p.
13
Let k(d) be the third derivative of -3*d**4/8 - 7*d**3/6 - d**2. Let s be k(-11). Let b be 18/(-81) - s/(-9). What is the greatest common divisor of 10 and b?
10
Suppose -22*h = -19*h. Suppose 4*q = 0, -2*y - 2*y - 5*q + 32 = h. Calculate the greatest common divisor of y and 2.
2
Let n = -171 - -181. Let s = 21 - 16. Suppose o + 30 = 4*t - 9, -2*t - s*o = -25. What is the greatest common factor of n and t?
10
Suppose -2*c = 21 - 131. Let w = -29 + c. Calculate the greatest common factor of w and 39.
13
Let z be (-5)/((-50)/1104)*(-240)/(-72). What is the highest common divisor of z and 32?
16
Suppose -3*r - r - 97 = -3*t, 3*r = -12. Let c be (-3)/(t/(-3))*33. Calculate the greatest common divisor of 88 and c.
11
Let o(i) = -i**2 - 6*i + 6. Let u be o(-9). Let h = -9 - u. Let p be 20*(-7)/42*(-18)/10. Calculate the highest common factor of p and h.
6
Suppose -4*w + 175 = -4*u + 5959, -2*w - 5792 = -4*u. Calculate the greatest common divisor of u and 58.
58
Suppose 1960 = 5*s + 2*s. Suppose -11*i = -i - s. What is the highest common factor of 8 and i?
4
Suppose 0 = -17*f + 12*f - 65. Let z = -11 - f. Suppose -z*k + 166 = 2*m - 182, 5*k + 186 = m. What is the highest common factor of 22 and m?
22
Suppose 2*m + 3*t = 52, -t - 31 = -0*m - m. Let h = -24 + m. Let d be ((-9)/(-3))/(6/4). Calculate the greatest commo